by (0 - -10) + 1*-4.
5
Let u = 5 + 0. Suppose -3*b + 7*b = 3*l + 3, 5*l = 15. Suppose -5*r = -b*r - 28. Calculate the remainder when r is divided by u.
4
Suppose -5*k - 24 = g, g - k - k - 11 = 0. Suppose -g = a - 6. Let y(x) = -x**3 + 6*x**2 - 4*x + 7. Calculate the remainder when y(5) is divided by a.
2
Let g = -8 - -9. Let o be (-2 - -2)*(g - 2). Calculate the remainder when (-3 - o) + -4 + 33 is divided by 7.
5
Suppose 1 = 2*v - b - 22, -55 = -4*v - b. Let p = 15 - 10. Suppose 3*l + 72 = 3*z, -p*l = -6*z + 2*z + 96. What is the remainder when z is divided by v?
11
Let k(i) = -2*i**3 - 3*i**2 + 1. Let c = 5 + 12. What is the remainder when c is divided by k(-2)?
2
Suppose -14*s + 79 = -117. Calculate the remainder when s is divided by 5.
4
Let k = -11 + 30. Let v = 23 - 12. Calculate the remainder when k is divided by v.
8
Let d(q) = -7*q**2 + 6. Let h(z) = -z**3 + z**2 - 1. Let g(f) = -d(f) - h(f). Let x be g(-5). Let i = 34 - x. Calculate the remainder when i is divided by 5.
4
Suppose 3*t = 5*i - 2*t - 25, 0 = i + 4*t. Suppose -2*b + 9 = -2*j + 3*j, -b - 18 = -4*j. Let s = -3 + j. What is the remainder when i is divided by s?
0
Let g be (-438)/8 + 4/(-16). Calculate the remainder when (-352)/g + 6/10 is divided by 4.
3
Suppose 28 = k + 7. Let w = k + -9. Calculate the remainder when 23 is divided by w.
11
Let v(b) = b**2 - 6*b + 17. What is the remainder when v(0) is divided by 5?
2
Let i = -31 - -22. Calculate the remainder when (12/9)/((-1)/(-6)) is divided by i/(-2)*8/12.
2
Suppose 2*k = -2*k + 4. Let s(r) = 14*r**3 + 2*r - 1. Calculate the remainder when s(k) is divided by 9.
6
Let d(j) be the first derivative of -j**4/4 + 8*j**3/3 + j**2/2 + 9*j - 1. What is the remainder when 50 is divided by d(8)?
16
Let v(n) = -26*n - 7. Calculate the remainder when v(-3) is divided by 18.
17
Suppose 0 = 5*i - 4*q - 104, 38 = 3*i - i + 2*q. Let s = i - 7. Suppose 0 = 4*b + 4*z - 140, -3*z - 9 = -0*z. Calculate the remainder when b is divided by s.
12
Suppose -3*p = -8*p + 20. Suppose -7 = -t - b, p*t + 2*b - 5 - 19 = 0. Let k = -10 + 18. What is the remainder when k is divided by t?
3
Suppose 66 = -3*v + 14*v. What is the remainder when v is divided by 4?
2
Suppose 0*p + 1 = p. Let g = p - -2. What is the remainder when (-9)/(-4)*16/4 is divided by g?
0
Suppose -3*l = -16 - 38. Let w(f) = -f + 10. Let o be (-6 + 6)*(-3 + 2). What is the remainder when l is divided by w(o)?
8
Let i be (-4)/10 - (-108)/20. Let q(d) = -10*d + 1. What is the remainder when -2 - 5/(i/(-34)) is divided by q(-1)?
10
Let w be 4 - (-4)/16*0. Suppose -w*q + 45 = -q. What is the remainder when 58 is divided by q?
13
Let a(k) = k**2 + 3*k + 9. Let p = -7 - -22. Calculate the remainder when p is divided by a(-3).
6
Suppose 157 = 3*t + 19. Let l = t + -14. Suppose l = 2*m + 2*m. Calculate the remainder when m is divided by 3.
2
Suppose -5 = -a - 1. Suppose -a*j - 104 = -8*j. What is the remainder when 77 is divided by j?
25
Let o = 10 + -7. Suppose -5 = -0*j - 4*j + 3*v, -2*j + 5*v = 1. Suppose j*b = -0*b, o*y = 3*b + 66. Calculate the remainder when y is divided by 8.
6
Suppose -3*d - 7 + 28 = 0. Suppose -t = -4*t + 9. Calculate the remainder when d is divided by t.
1
Suppose 0 = -2*m + 5*m - 213. What is the remainder when m is divided by 25?
21
Suppose 2*k - 5*k = -105. Calculate the remainder when k is divided by (1 + -3 + 0)*-9.
17
Calculate the remainder when 28 is divided by (-20)/3*39/(-26).
8
Let g(s) = s**3 - 3*s**2 + 6*s - 1. Let r = -8 + 12. What is the remainder when g(r) is divided by 20?
19
Suppose -2 = -2*q + 4. Let h = 37 - 53. Let l = h - -20. Calculate the remainder when l is divided by q.
1
Let x(z) = -z**2 - 9*z + 3. Let g = 86 - 36. Calculate the remainder when g is divided by x(-7).
16
Suppose -5*n + n - 296 = 0. Calculate the remainder when 35 is divided by 3/(-6) + n/(-4).
17
Suppose -6*f = -f - 10. Suppose 0 = -5*n + 2*n + 4*m + 106, 0 = 3*n - f*m - 110. Suppose -7 = -5*c + n. Calculate the remainder when 26 is divided by c.
8
Let y(o) = 4*o. Let v be -1 + 7 + 3/(-3). Let h be y(v). Suppose 0 = -3*w + 5*c - 7, 3*c = -w + h + 1. What is the remainder when 10 is divided by w?
4
Let w(z) = -2*z - 4. Let r be w(-3). Suppose 13 + 1 = r*s. What is the remainder when s is divided by 3?
1
Let z = -13 - -7. Let v = 9 - z. Calculate the remainder when 29 is divided by v.
14
Let v(t) be the second derivative of -t**3/6 + t. What is the remainder when 4 is divided by v(-2)?
0
Let d(t) = 3*t**3 + 3*t - 1 - 2*t**3 + 7 - 8*t**2 + 2*t**2. Calculate the remainder when d(6) is divided by 13.
11
Let j = -97 + 19. Let t = j + 117. Suppose -t = -w - 14. What is the remainder when w is divided by 13?
12
Let p(t) = t**2 + 7*t + 6. Let h be p(-4). Let x(l) = -3*l - 3. Calculate the remainder when x(h) is divided by 4.
3
Suppose 43 = 5*d - 3*d + m, -3*d = m - 64. Let x = -15 + d. Calculate the remainder when x is divided by 4.
2
Suppose -f = 4 - 0. Let w(m) = -3*m - 3. Calculate the remainder when 15 is divided by w(f).
6
Let y be 6*21/12*-2. Let i = y + 64. What is the remainder when i is divided by 15?
13
Suppose -3*l - 13 + 3 = -5*k, -k = 2*l - 15. What is the remainder when ((-36)/(-5))/(10/25) is divided by k?
3
Let r(m) = 2*m - 3. Let h be r(2). Suppose 3*p - h - 17 = 0. Suppose 3*t - 4*o - 35 = 4, 2*o + p = 0. What is the remainder when 17 is divided by t?
8
Let o(n) = n - 8. Let u be o(8). Let d(w) = w**3 - w**2 - w + 6. Let i be d(0). Suppose u*a - 3*a + i = 0. What is the remainder when a is divided by 2?
0
Suppose -2*l - 5*t + 25 = 0, l - 12 - 2 = -3*t. Let o(k) = -k + 2*k + 3*k. What is the remainder when o(l) is divided by 7?
6
Let i = 42 + -38. What is the remainder when 7 is divided by i?
3
Let n be 1/2 + 1/(-2). Suppose 0 = -n*g - 4*g + 100. Suppose -2*b - 4*q + g = -b, -2*b - 2*q = -56. What is the remainder when b is divided by 10?
9
Let j(m) = -30*m. Let k be j(-1). Let y = k + -14. Suppose 5*c + 58 = 2*p, c = 3*p + y - 129. What is the remainder when p is divided by 20?
19
Let o(u) = u**3 + 5*u**2 + 3*u + 2. Let p be o(-2). Suppose -p*j = -4*j - 56. What is the remainder when j is divided by ((-94)/(-235))/(1/20)?
6
Let z be 2/3 - 4276/(-12). Suppose 312 = 4*h + 5*x, z = 5*h + 3*x - 5*x. Calculate the remainder when h is divided by 19.
16
What is the remainder when 81 is divided by (-3)/(-9) - (-124)/6?
18
Suppose -16 - 30 = -5*j + 2*u, 0 = u - 2. Calculate the remainder when 28 is divided by j.
8
Let t be (-3)/9*15/(-5). Let k be ((2 - 2) + 1)*-1. Calculate the remainder when 9 is divided by t + k - (-3 + -2).
4
What is the remainder when (-105)/(-10)*2*3 is divided by 8?
7
Suppose 38*o - 33*o = 30. What is the remainder when 15 is divided by o?
3
Let s = 102 - 59. Let k(n) = 8*n - 21. What is the remainder when s is divided by k(4)?
10
Let r be 2/9 - (-372)/27. Suppose -r - 4 = -2*s. Let v(k) = -6*k**3 - k**2 - k - 1. What is the remainder when s is divided by v(-1)?
4
Let s = -56 - -87. Calculate the remainder when 152 is divided by s.
28
Suppose 2*n - 4*n = -50. Suppose -n = -3*y - 2*y. Suppose -5*c + 20 = -y. What is the remainder when c is divided by 3?
2
Let u(y) = -y - 7. Let k be u(-9). Suppose 4*g + 0*g = -o - 19, -k*g - o = 9. Let h(a) = 2*a**2 + 6*a. Calculate the remainder when h(g) is divided by 7.
6
Suppose -5*j - 2*w + 120 = 29, -5*j = -3*w - 101. Suppose 2*f - 4*f = 0. Let g(q) = -q**3 + 7. What is the remainder when j is divided by g(f)?
5
Suppose -116 = -5*g + 4*x, -3*g + 40 = 3*x - 8. Let p be (-2)/11 + (-10)/(-55). Suppose p*c + 22 = 2*c. What is the remainder when g is divided by c?
9
Let o(m) = 3*m**2 - m + 14. Calculate the remainder when 130 is divided by o(-4).
64
Suppose -105 = -5*n + 110. Let y = n + -26. Calculate the remainder when y is divided by 6.
5
What is the remainder when (-40 - -7)/(1/2 + -1) is divided by 18?
12
Let o = -9 - 15. Let r = o - -38. What is the remainder when 52 is divided by r?
10
Suppose a - 84 = -n, -250 = -4*a - n + 98. What is the remainder when a is divided by 45?
43
Let u(w) = 2*w**2 + 3*w - 4. Calculate the remainder when 62 is divided by u(-4).
14
Suppose 0 = j + 4*m - 22, -j - 1 - 13 = -5*m. Calculate the remainder when 2 - 0 - (j - 16) is divided by 7.
5
Suppose -136 - 49 = -5*n. What is t